he highest common divisor of 52 and 56.
4
What is the greatest common divisor of 8 and 12676?
4
Calculate the greatest common factor of 74 and 259.
37
What is the greatest common divisor of 21 and 42?
21
What is the highest common divisor of 49 and 98?
49
Calculate the highest common factor of 30 and 50.
10
Calculate the greatest common factor of 16 and 16.
16
Calculate the greatest common divisor of 651 and 63.
21
Calculate the greatest common divisor of 7128 and 176.
88
What is the greatest common divisor of 15 and 815?
5
Calculate the highest common divisor of 11542 and 597.
199
Calculate the highest common divisor of 6842 and 176.
22
What is the highest common divisor of 15 and 30?
15
Calculate the highest common divisor of 15 and 685.
5
Calculate the highest common factor of 106 and 52152.
106
Calculate the greatest common factor of 6254 and 118.
118
Calculate the greatest common factor of 546 and 66.
6
What is the greatest common divisor of 3580 and 20?
20
What is the highest common divisor of 48071 and 106?
53
What is the greatest common factor of 64 and 40?
8
What is the greatest common divisor of 957 and 165?
33
Calculate the greatest common factor of 88 and 363.
11
What is the highest common divisor of 6260 and 8?
4
Calculate the highest common divisor of 185 and 111.
37
Calculate the greatest common divisor of 124 and 713.
31
Calculate the greatest common factor of 56 and 1393.
7
Calculate the greatest common divisor of 615 and 4551.
123
What is the highest common factor of 1998 and 45?
9
Calculate the highest common divisor of 510 and 30.
30
Calculate the highest common factor of 392 and 42.
14
Calculate the highest common divisor of 23426 and 68.
34
Calculate the highest common divisor of 67 and 3953.
67
Calculate the highest common divisor of 583 and 212.
53
What is the highest common divisor of 1616 and 224?
16
What is the greatest common divisor of 16352 and 42?
14
What is the highest common factor of 27 and 117?
9
What is the greatest common divisor of 11605 and 110?
55
What is the highest common divisor of 155 and 10?
5
What is the greatest common factor of 8365 and 140?
35
What is the greatest common divisor of 35 and 13?
1
What is the greatest common divisor of 790 and 40?
10
Calculate the greatest common divisor of 360 and 45.
45
Calculate the highest common divisor of 304 and 19.
19
Calculate the highest common divisor of 579 and 3.
3
Calculate the greatest common divisor of 3074 and 58.
58
Calculate the highest common divisor of 272 and 2822.
34
What is the highest common factor of 1072 and 1876?
268
Calculate the greatest common factor of 62 and 54.
2
What is the greatest common divisor of 4806 and 54?
54
Calculate the highest common factor of 11 and 671.
11
What is the highest common divisor of 2210 and 850?
170
Calculate the highest common factor of 3980 and 50.
10
What is the highest common factor of 27 and 459?
27
What is the greatest common factor of 75 and 2250?
75
Calculate the highest common divisor of 4 and 356.
4
Calculate the greatest common factor of 169 and 52.
13
What is the highest common factor of 100 and 150?
50
Calculate the greatest common factor of 1144 and 7832.
88
Calculate the greatest common factor of 2825 and 75.
25
What is the highest common divisor of 11 and 1133?
11
Calculate the greatest common factor of 896 and 28.
28
Calculate the highest common divisor of 365 and 803.
73
Calculate the greatest common divisor of 56 and 854.
14
What is the greatest common divisor of 184 and 56?
8
Calculate the greatest common divisor of 4553 and 145.
29
What is the highest common factor of 24 and 18?
6
Calculate the greatest common divisor of 477 and 4.
1
What is the greatest common divisor of 169 and 39?
13
Calculate the greatest common factor of 168 and 2576.
56
What is the greatest common factor of 12827 and 101?
101
Calculate the greatest common divisor of 845 and 130.
65
Calculate the highest common factor of 168 and 216.
24
What is the greatest common divisor of 8 and 8?
8
Calculate the highest common divisor of 1386 and 33.
33
Calculate the greatest common divisor of 90 and 130.
10
What is the highest common divisor of 30 and 96000?
30
Calculate the highest common factor of 75 and 12.
3
What is the highest common divisor of 10413 and 13?
13
Calculate the highest common divisor of 355 and 71.
71
What is the greatest common factor of 120 and 7320?
120
Calculate the greatest common factor of 97 and 91277.
97
Calculate the highest common divisor of 913 and 110.
11
What is the greatest common divisor of 104 and 234?
26
Calculate the highest common divisor of 56 and 16.
8
Calculate the greatest common factor of 176 and 208.
16
What is the greatest common divisor of 164 and 1271?
41
Calculate the greatest common factor of 2875 and 1250.
125
What is the highest common factor of 107765 and 35?
35
What is the greatest common divisor of 28 and 12?
4
What is the greatest common factor of 14 and 378?
14
What is the greatest common divisor of 12 and 348?
12
Calculate the highest common divisor of 4515 and 105.
105
Calculate the highest common factor of 792 and 72.
72
Calculate the highest common factor of 112911 and 183.
183
What is the highest common factor of 14 and 343?
7
What is the highest common divisor of 5 and 25?
5
What is the greatest common factor of 13064 and 184?
184
What is the highest common factor of 18997 and 242?
121
What is the highest common divisor of 1854 and 18?
18
Calculate the highest common divisor of 14536 and 828.
92
Calculate the greatest common divisor of 4117 and 716.
179
Calculate the greatest common divisor of 2523 and 3.
3
Calculate the highest common factor of 1400 and 14.
14
What is the greatest common divisor of 295 and 5?
5
Calculate the highest common factor of 1113 and 168.
21
Calculate the highest common factor of 14 and 22.
2
What is the highest common divisor of 24446 and 68?
34
What is the highest common divisor of 20 and 1220?
20
What is the highest common divisor of 23 and 23?
23
What is the greatest common divisor of 12 and 648?
12
What is the highest common divisor of 507 and 8281?
169
Calculate the highest common factor of 266 and 42.
14
What is the highest common divisor of 60 and 40?
20
Calculate the highest common factor of 2182 and 18.
2
Calculate the greatest common factor of 57 and 204.
3
What is the highest common divisor of 1435 and 6355?
205
What is the greatest common factor of 200 and 195?
5
Calculate the highest common divisor of 76 and 12.
4
Calculate the highest common divisor of 16 and 1104.
16
What is the greatest common factor of 385 and 49?
7
Calculate the greatest common divisor of 46 and 12.
2
What is the greatest common factor of 4 and 1024?
4
Calculate the highest common divisor of 954 and 54.
18
Calculate the highest common factor of 275 and 110.
55
What is the highest common factor of 190 and 20?
10
Calculate the greatest common divisor of 11341 and 55.
11
Calculate the greatest common factor of 228 and 304.
76
What is the greatest common divisor of 3 and 159?
3
What is the highest common factor of 244 and 1342?
122
What is the greatest common divisor of 35 and 25?
5
What is the greatest common divisor of 15 and 285?
15
Calculate the highest common factor of 1888 and 7316.
236
What is the highest common divisor of 3432 and 66?
66
What is the highest common divisor of 63 and 27?
9
Calculate the greatest common divisor of 118 and 4.
2
What is the greatest common divisor of 6 and 58?
2
Calculate the greatest common divisor of 6259 and 22.
11
Calculate the highest common divisor of 163 and 326.
163
What is the highest common divisor of 651 and 63?
21
What is the highest common divisor of 605 and 440?
55
What is the greatest common factor of 506 and 11?
11
Calculate the highest common divisor of 300 and 96.
12
What is the highest common factor of 984 and 1804?
164
Calculate the highest common factor of 8159 and 41.
41
What is the highest common factor of 2170 and 50?
10
What is the greatest common divisor of 442 and 13?
13
What is the highest common divisor of 253 and 33?
11
Calculate the greatest common divisor of 1095 and 657.
219
Calculate the greatest common divisor of 610 and 183.
61
Calculate the highest common factor of 78 and 390.
78
